?
200111
In base 8, what is 2370 + -5?
2363
In base 7, what is 2 - 130?
-125
In base 10, what is 3 + -53?
-50
In base 14, what is 67 + -22?
45
In base 16, what is -2b72 + -4?
-2b76
In base 14, what is -a39 - 2?
-a3b
In base 4, what is -23 + -222121?
-222210
In base 3, what is -1221111 + 12?
-1221022
In base 11, what is 894 - -5?
899
In base 5, what is -13 - -103?
40
In base 14, what is 8 + -6?
2
In base 13, what is 11 + -168?
-157
In base 14, what is 966 + -1?
965
In base 2, what is 11011110 + 10?
11100000
In base 4, what is -22200 - 10?
-22210
In base 13, what is 1bc9 - -3?
1bcc
In base 11, what is -156 - 19?
-174
In base 14, what is -9a + 4?
-96
In base 13, what is 96 + -3?
93
In base 6, what is 3 + 1353?
1400
In base 7, what is 402 - -2?
404
In base 10, what is -427 + 12?
-415
In base 4, what is 11 - 1122?
-1111
In base 12, what is -b3 - 4?
-b7
In base 2, what is 10001011010 - -100?
10001011110
In base 9, what is 2566 - 5?
2561
In base 15, what is -14 + 8?
-b
In base 15, what is 7 - 11?
-9
In base 14, what is -1ab - -5?
-1a6
In base 2, what is -10010001100010 + 0?
-10010001100010
In base 8, what is 4773 + 3?
4776
In base 12, what is 21 - 52?
-31
In base 2, what is 0 + -1011000011011?
-1011000011011
In base 14, what is -3 + -220?
-223
In base 3, what is 1110 + 12?
1122
In base 12, what is -2 - 35?
-37
In base 14, what is -2 - 39?
-3b
In base 14, what is 4476 + 3?
4479
In base 15, what is -5215 - -2?
-5213
In base 15, what is -167 + 48?
-11e
In base 12, what is -57 - -35?
-22
In base 14, what is a5 - -2?
a7
In base 11, what is -1516 + -3?
-1519
In base 6, what is -34 + 0?
-34
In base 9, what is -4 - -30?
25
In base 14, what is aab - 5?
aa6
In base 4, what is -221 - -100?
-121
In base 5, what is -120 + -3324?
-3444
In base 16, what is -4 - 62c?
-630
In base 12, what is -5 + 261?
258
In base 8, what is 4 + -4437?
-4433
In base 10, what is 966 - -5?
971
In base 8, what is -4 + 1620?
1614
In base 9, what is 0 - -1736?
1736
In base 5, what is 2 - 4004?
-4002
In base 2, what is -10100101011 + 11?
-10100101000
In base 4, what is 10 - -30121?
30131
In base 3, what is -12 - -121?
102
In base 3, what is -12201220 - 1?
-12201221
In base 6, what is -10400 - -5?
-10351
In base 4, what is 11 + 111?
122
In base 13, what is 7 - c1?
-b7
In base 11, what is 31 + 12?
43
In base 6, what is 2 - -3043?
3045
In base 13, what is 6 - 5?
1
In base 10, what is 5 + 2298?
2303
In base 6, what is 4 + 121?
125
In base 6, what is -1131 - 2?
-1133
In base 15, what is -14b - 13?
-15e
In base 16, what is -311 - 1?
-312
In base 13, what is -2 + -17?
-19
In base 5, what is -33 - -223?
140
In base 9, what is 3378 - -1?
3380
In base 8, what is -10520 + 3?
-10515
In base 8, what is -263 + 1?
-262
In base 16, what is -a - -53?
49
In base 13, what is -163 - 0?
-163
In base 10, what is -1 + 276?
275
In base 10, what is 77 + -12?
65
In base 15, what is 3 + 33?
36
In base 13, what is b0 + 12?
c2
In base 15, what is -3 + -43?
-46
In base 16, what is 4 + -52?
-4e
In base 12, what is -435 - 0?
-435
In base 12, what is 1523 - 8?
1517
In base 3, what is -12 + -2221012?
-2221101
In base 2, what is 1010011 + -1101010?
-10111
In base 9, what is 5 + 100?
105
In base 3, what is 100 - 12?
11
In base 10, what is 2 - -158?
160
In base 11, what is 1 + 815?
816
In base 10, what is 14 - -18?
32
In base 14, what is 87 - -61?
108
In base 2, what is 110 + -1001?
-11
In base 3, what is -1020 + 1200?
110
In base 14, what is -3 + -4?
-7
In base 2, what is 10000010110 + 1011?
10000100001
In base 10, what is -149 - -7?
-142
In base 5, what is 103012 - 13?
102444
In base 4, what is -1000 + 23?
-311
In base 13, what is 38 + 14?
4c
In base 2, what is -10011010 + 10?
-10011000
In base 9, what is -23 - 0?
-23
In base 10, what is -233 - 17?
-250
In base 7, what is -6521 + -11?
-6532
In base 5, what is -30 - 222?
-302
In base 11, what is -21 + -1?
-22
In base 6, what is 0 + -205?
-205
In base 9, what is 21 - 1?
20
In base 7, what is 3001 + 3?
3004
In base 15, what is 4d - -1?
4e
In base 13, what is -69 + -3?
-6c
In base 7, what is -3 + -3504?
-3510
In base 8, what is 7250 - 5?
7243
In base 10, what is -7 + 53?
46
In base 13, what is 16 + -5?
11
In base 14, what is 31c + -5?
317
In base 6, what is 4 + -222?
-214
In base 12, what is -23 + -2?
-25
In base 2, what is -11 + -110010?
-110101
In base 3, what is 1 + 12?
20
In base 3, what is 0 + 20112?
20112
In base 14, what is 4 + -ab?
-a7
In base 8, what is -343 + -35?
-400
In base 6, what is -1435 + -43?
-1522
In base 13, what is -1c - 27?
-46
In base 10, what is 181 - 10?
171
In base 16, what is -11f2 + 3?
-11ef
In base 3, what is -2100022 - -10?
-2100012
In base 11, what is 0 - 1a1?
-1a1
In base 5, what is 0 - 2220?
-2220
In base 11, what is 0 - 9?
-9
In base 15, what is 14 - -7?
1b
In base 13, what is 55 - -8?
60
In base 16, what is 2a1 + 0?
2a1
In base 13, what is -3b2 - 7?
-3b9
In base 5, what is 0 - -34101?
34101
In base 5, what is 2211 - -203?
2414
In base 10, what is -37 + 6?
-31
In base 7, what is 3 - 150?
-144
In base 11, what is -6 + 255?
24a
In base 5, what is -13201 - -4?
-13142
In base 16, what is -5 + -1e1?
-1e6
In base 14, what is -4 + cb4?
cb0
In base 5, what is 20400 - 4?
20341
In base 14, what is 4a - -41?
8b
In base 14, what is -4 - 11?
-15
In base 3, what is -11 - -21111?
21100
In base 8, what is 6571 + 2?
6573
In base 6, what is 0 + 540?
540
In base 9, what is -5 - -18?
13
In base 6, what is 24052 - -1?
24053
In base 13, what is 2 - -2?
4
In base 12, what is -135 + -5?
-13a
In base 7, what is 4 + -203?
-166
In base 5, what is -2313 - 11?
-2324
In base 8, what is 13 + -4?
7
In base 5, what is -4 + -331?
-340
In base 4, what is -131 + 2230?
2033
In base 8, what is -5 - -4?
-1
In base 7, what is 253 + -4?
246
In base 14, what is -69 - -d?
-5a
In base 15, what is -19c + 3?
-199
In base 16, what is 2 - 2dd?
-2db
In base 3, what is -1020 + -10202?
-11222
In base 4, what is 133211 - -1?
133212
In base 2, what is 1 - -1000110110?
1000110111
In base 10, what is 302 - 4?
298
In base 5, what is 134 + 0?
134
In base 12, what is -66 - -bb?
55
In base 2, what is -10011000 - 100100?
-10111100
In base 5, what is -1042 + -1?
-1043
In base 10, what is -5 - -26?
21
In base 8, what is 3 - 124?
-121
In base 13, what is -5 - -cc7?
cc2
In base 10, what is -5 + 41?
36
In base 7, what is -226 + 4?
-222
In base 9, what is 50 + -14?
35
In base 15, what is 3aea + -5?
3ae5
In base 15, what is -a - 18?
-23
In base 6, what is -230 - 4?
-234
In base 6, what is 342 - -14?
400
In base 3, what is 10 + -1220222?
-1220212
In base 14, what is -3 + 12?
d
In base 7, what is 22 + 1205?
1230
In base 12, what is 417 + 1?
418
In base 10, what is -178 - 4?
-182
In base 7, what is 42450 - -2?
42452
In base 14, what is -811 + -5?
-816
In base 14, what is -2a + -74?
-a0
In base 14, what is -3 + -7b?
-80
In base 15, what is 129 - -4?
12d
In base 11, what is 6 - -35?
40
In base 5, what is 1343 - 22?
1321
In base 14, what is 48 - -1?
49
In base 15, what is -53ee + 4?
-53ea
In base 3, what is -2202 - -2?
-2200
In base 16, what is -1622 - -1?
-1621
In base 10, what is 1925 - 2?
1923
In base 4, what is -12 - 110?
-122
In base 13, what is -54b - -6?
-545
In base 10, what is 53 - 65?
-12
In base 12, what is -3 + 68a?
687
In base 15, what is 3 + -173?
-170
In base 15, what is -352 + 0?
-352
In base 13, what is -5 + -a?
-12
In base 16, what is -4 - 23?
-27
In base 13, what is -923 + 0?
-923
In base 10, what is 3 - -2303?
2306
In base 8, what is 12 - 67?
-55
In base 7, what is -54 + -10?
-64
In base 3, what is -22001 + -100?
-22101
In base 10, what is 2 - 576?
-574
In base 4, what is -132310 - 10?
-132320
In base 12, what is -120 - -7?
-115
In base 7, what is 356 - -14?
403
In base 14, what is 1c - 0?
1c
In base 7, what is -2016 - -3?
-2013
In base 12, what is -1a - 69?
-87
In base 4, what is 10 + 120002?
120012
In base 6, what is 20 - -2215?
2235
In base 3, what is -1001202 - -2?
-1001200
In base 6, what is 100322 - -1?
100323
In base 2, what is 10 + -1001111?
-1001101
In base 5, what is -200244 + 0?
-200244
In base 11, what is 1 + 45?
46
In base 8, what is -2 + -40?
-42
In base 16, what is -4 + -cb?
-cf
In base 4, what is 1 + 2312?
2313
In base 8, what is 0 - 2206?
-2206
In base 9, what is 2 + -102?
-